. Let t(m) = m**2 - 2*m + 5. Let q(u) = -2*a(u) + 3*t(u). What is the tens digit of q(-5)?
3
Suppose 0 = -3*f - 5*u + 150, 0 = u - 5*u + 12. What is the tens digit of f?
4
Let f(h) = 23*h + 5. What is the tens digit of f(6)?
4
Suppose 0 = -3*z - 2*n + 5*n + 240, -2*n + 372 = 5*z. What is the tens digit of z?
7
Suppose 2*f - 2*g + 52 = 0, 2*g + 3*g - 105 = 4*f. Let l = f - -46. What is the tens digit of l?
2
What is the units digit of (-1066)/(-10) + (-2)/(-5)?
7
Suppose -35*j = -36*j + 130. What is the tens digit of j?
3
Let w(o) = -11*o**2 + o. Let h be (-3)/2*2/3. Let f be w(h). What is the units digit of (-12 + 5)*f/14?
6
Let v be ((-1)/(-2))/(1/(-10)). Let q = v + 3. What is the units digit of 99/12 + q/8?
8
What is the tens digit of (0 + 0 - -8)*22/4?
4
Let v(m) = -m**2 + m. Let x(z) = z**2 - 47*z - 14. Let j(o) = 16*o + 5. Let i(d) = 17*j(d) + 6*x(d). Let s(q) = i(q) + 5*v(q). What is the units digit of s(5)?
1
Suppose 21*a - 108 = 17*a. What is the units digit of a?
7
Let a(t) = 4*t**2 - t + 1. Let r be a(3). Let b = r - 12. What is the tens digit of b?
2
Suppose 5*c = 3*a + 144, 0 = 5*a + 4 + 11. Let u = 3 + c. What is the units digit of u?
0
Let k(q) = q**2 - 11*q + 2. Let s be k(11). Let z = 0 + s. What is the units digit of z?
2
What is the units digit of (2 + 0)/(6/111)?
7
Let x = 4 - 12. Let h(i) = 0*i**2 - 2*i**2 + i**3 + 10 + 0*i**2 + 10*i**2. What is the tens digit of h(x)?
1
Let r be (3/6)/((-2)/20). Let g be (-4 - r)/((-2)/(-4)). Suppose -5*t = 3*b - 35, -g*t + b + 18 = 4. What is the units digit of t?
7
Let q = -215 + 312. What is the units digit of q?
7
Suppose 5*m - m = 16. Let r be ((-8)/12)/(m/(-114)). Suppose -3*h - 13 = -2*g, -5*h + 51 = 5*g - r. What is the units digit of g?
1
Let f = 5 - 3. Let z = 1 - f. Let p = z + 11. What is the units digit of p?
0
Let v = 18 - 27. Let n be (-1029)/v - (-1)/(-3). What is the units digit of n/18 + 1/(-3)?
6
Let z be 1/((-4)/(-2))*6. Suppose -1 - 11 = -3*m, 2*r - 20 = m. Suppose r = -0*q + z*q. What is the units digit of q?
4
Suppose -3*n - 3*i = -675, 5*i = -4*n + 204 + 697. What is the tens digit of n?
2
Suppose -11 = -2*q - 1. Suppose -o = -4*z + 80, q*z - z + 4*o = 60. What is the units digit of z?
9
Suppose -t + 2*y - 3*y - 2 = 0, 0 = -2*t - 5*y - 4. Let x be (12/(-9))/(t/6). Suppose -5*h = -x*v - 49, -5*v - 41 = -h - 3*h. What is the units digit of h?
9
Let w(r) = r**3 - 6*r**2 + r - 5. Let s be (-1)/3 + (-155)/(-15). Let p = s + -4. What is the units digit of w(p)?
1
Suppose -10 = -3*r + r. What is the units digit of r?
5
Let u be 0/4 + 109 + -2. Suppose 25 = 3*v - u. What is the units digit of v?
4
Let u(n) = 3*n + 4. Let q be u(-3). Let k = q + 9. What is the units digit of k?
4
Suppose 9 = w - 3. Suppose -3*l + w = m, -6*l + l = 4*m - 20. What is the units digit of l/(2 - (-6)/(-4))?
8
Let g be 0 + (1 - (-1 + 0)). Suppose g*k + 2 = -4. Let s(c) = c**2 + 2*c - 1. What is the units digit of s(k)?
2
Suppose -3*t = -s + 2*s - 18, s = 3*t + 12. What is the units digit of s?
5
Let d(j) = -j**3 + 4*j**2 - j + 2. Let y be d(4). What is the units digit of ((3 + y)*-4)/(-2)?
2
Let x(q) = q - 5. Let r be x(8). Suppose r*s - 2*n = 1 - 0, 2*n - 23 = -5*s. Suppose -10 = -s*k - 4*i, k + 4*i + 1 = -1. What is the units digit of k?
6
Let r be 2 - ((-21)/(-12) + 2/8). Let u(s) = s**3 + 6*s**2 + 8. Let g be u(-6). Suppose g = 2*k - r. What is the units digit of k?
4
Let c be (-6)/(1 + 0 + -2). Suppose g - 11 = 2*k, 2*k + 2*g + 7 + 1 = 0. Let p = k + c. What is the units digit of p?
1
Suppose -z - 91 = -3*a + 4*z, -a - 2*z = -45. What is the tens digit of a?
3
Let s(d) = 5*d - 2. Let t be s(4). Suppose 2*j - 4*x - t = -2, -5*j - 4*x + 12 = 0. Suppose j*v - 15 = -v. What is the units digit of v?
3
Let u = 3 - -15. What is the units digit of u?
8
Let h = -8 + 11. Suppose 0 = -c - 4, h*k = -k + 3*c + 36. What is the units digit of k?
6
Suppose -4*k = 2*l - 0*l - 270, l + 3*k - 140 = 0. What is the units digit of l?
5
Suppose 0 = -52*t + 47*t + 70. What is the units digit of t?
4
Let l be (8/(-2))/((-23)/46). What is the tens digit of (l - 6) + (-51)/(-1)?
5
Let y = 46 + 20. Let h = y + -40. What is the tens digit of h?
2
Suppose -4*p - t = -0*p - 119, -148 = -5*p - t. What is the units digit of p?
9
Let c = -369 + 619. What is the hundreds digit of c?
2
Let k be (3 - 3) + (0 - -10). What is the units digit of k/(0/1 + 1)?
0
Let w(r) = 6*r**2 + 3*r - 3. Let k be w(-3). Suppose 0*d = -3*d + k. What is the tens digit of d?
1
Let m = 12 - 18. Let o(g) = -g**2 - 6*g - 3. Let v be o(m). What is the units digit of (-11 + v)*(-3)/6?
7
Let a be 24/6 - (-1 - 0). Suppose a*i - 4*i = 7. Suppose 0 = -3*r - 4*c + 15, 4*r - 2*c - 19 = -i*c. What is the units digit of r?
1
What is the tens digit of 245/3 - 10/(-30)?
8
Let m = 39 - 3. What is the tens digit of m?
3
Let u(c) = c**3 + 5*c**2 - c + 4. Let z(h) = h**2 - 5*h - 1. Let d be z(4). What is the units digit of u(d)?
9
Let u = -244 - -425. What is the tens digit of u?
8
Let l = -6 - -7. What is the units digit of 7 + -4 + l*-1?
2
Let q = 7 - 7. Suppose -f + 3 = j, -2*j = -q*j - 2*f - 2. What is the units digit of j?
2
Suppose 2*w - 4 = w. Suppose 30 = -2*o + w*o. What is the units digit of o?
5
Let s(i) = i - 12. Let q be s(12). Let u = q + 5. What is the units digit of u?
5
Let o be 3 + 1 + -1 + 9. Suppose 0*l - 8 = -4*l. Suppose l*m = -m + o. What is the units digit of m?
4
What is the hundreds digit of 360/50*((-4)/(-2) - -18)?
1
Let a(h) be the first derivative of 3/2*h**2 - 2 - h. What is the units digit of a(1)?
2
Suppose -17 = -3*v + 1. Suppose 0 = v*r - 4*r + 12. What is the units digit of 2/r - 4/(-3)?
1
What is the units digit of (-3973)/(-145) - 2/5?
7
Let j(f) = -f**3 - f**2 + 5*f + 3. Let g(s) = -s. Let n be g(3). What is the units digit of j(n)?
6
Let q = -25 + 38. Suppose q = 4*g - 3. What is the units digit of 8*(-1)/(g/(-3))?
6
Suppose -5*i = 2*w + 35, 2*w - 12 = 3*i + 5*w. Let z = -8 - i. What is the units digit of z?
1
Let b(q) = q + 11. Let k be b(-9). Suppose 3*g = -k*o + 41 - 7, g - 4*o = 16. What is the units digit of g?
2
Let b(a) = -9*a - 15. Let z(d) = d**2 + d + 1. Let s(j) = b(j) + 5*z(j). What is the units digit of s(-3)?
7
Suppose -g = 2*c - 15, 6*c - 10 = 2*g + 2*c. Suppose -r = 1, 3*s = -2*s - g*r + 45. Suppose -2*p + 2*n + s = 0, 2*n = -n + 9. What is the units digit of p?
8
Let f(z) = z**3 - 8*z**2 + 5*z + 14. What is the units digit of f(8)?
4
What is the units digit of 3 + (-3)/1 + 89?
9
Let f be 112/5 + (-12)/(-20). Let l = -1 + f. What is the tens digit of l?
2
Suppose -x = -2*c + 5, -3*x - 4*c - 17 = -9*c. What is the units digit of (-6)/x - 31/(-3)?
1
Let d = -33 - -150. What is the hundreds digit of d?
1
Suppose -2*c - 2*s + 34 = 0, 4*c + 3*s - 43 - 22 = 0. What is the tens digit of c?
1
Suppose -y - 3*n + 40 = 0, 3*y - 121 + 25 = -3*n. Suppose 0 = 3*t - 29 - y. What is the units digit of t?
9
Suppose 2*f + 3*y - 103 = 0, 0*y = 5*f + 4*y - 240. What is the tens digit of f?
4
Let c(f) = f + 1. Suppose -3*i + 4*q - 12 = -i, -4*i = 4*q - 36. Let l be c(i). Suppose l*o + r = 61, -2*r + 0 - 8 = 0. What is the tens digit of o?
1
Suppose 5*c - 2*c = 297. Suppose 0*j = -3*j + c. What is the tens digit of j?
3
Suppose 0 = -5*g + g + 12. Suppose -2*v - 54 = -3*v - 2*b, -211 = -4*v - g*b. What is the tens digit of v?
5
Let c(y) = -24*y + 16. Let s(f) = 5*f - 3. Let k(p) = -3*c(p) - 16*s(p). Let n be k(-2). What is the units digit of 6*(n/(-6))/(-4)?
4
Suppose 5*j - 600 = 220. What is the tens digit of j?
6
Let x(c) = c - 2. Let f(q) = -2*q + 4. Let n(t) = 4*f(t) + 7*x(t). Let d be n(2). Suppose d*g = 2*g - 2. What is the units digit of g?
1
Let v(y) be the third derivative of 5*y**4/24 - 5*y**3/3 - 5*y**2. What is the tens digit of v(8)?
3
What is the tens digit of 6*(-1)/(-4)*8?
1
Let m be 2 + (2 - -20) - 0. Suppose 2*q = m + 10. What is the tens digit of q?
1
Let l(a) = 24*a - 5. What is the tens digit of l(2)?
4
Let g(a) = -a + 1. Let n be g(-3). Let k(u) = u**2 - 5*u + 6. What is the units digit of k(n)?
2
Let s = 17 + -18. What is the tens digit of 13*2 - (-1)/s?
2
Let k = -3 - -1. What is the tens digit of 1/(k/4) + 23?
2
Let k(m) = -m - 1. Let i be k(-1). Let t = 25 + i. What is the tens digit of t?
2
Let s be (-6 